{"id":15,"date":"2024-06-21T10:18:41","date_gmt":"2024-06-21T08:18:41","guid":{"rendered":"https:\/\/feym.media\/templates\/14\/home\/"},"modified":"2024-06-21T10:26:16","modified_gmt":"2024-06-21T08:26:16","slug":"home","status":"publish","type":"page","link":"https:\/\/feym.media\/templates\/14\/","title":{"rendered":"Home"},"content":{"rendered":"\n\n\t<p>Pet Care Services, in New York City<\/p>\n\t<h1>\n\t\t\t\t Wir bieten die Betreuung, die Ihr Haustier verdient!\n\t\t\t<\/h1>\n\t<h2>\n\t\t\t\tJetzt anrufen: <br \/>123 456 7890\n\t\t\t<\/h2>\n\t\t\t<p>Lorem ipsum dolor sit amet, consectetur adipiscing elit. Ut elit tellus, luctus nec ullamcorper mattis, pulvinar dapibus leo.<\/p>\t\n\t\t\t\t<img decoding=\"async\" src=\"https:\/\/websitedemos.net\/pet-sitting-01\/wp-content\/uploads\/sites\/474\/2021\/03\/dog-about.png\" alt=\"dog-about\" title=\"dog-about\" itemprop=\"image\"\/>\n\t<h3>\n\t\t\t\t Wer wir sind\n\t\t\t<\/h3>\n\t<h2>\n\t\t\t\t Wir lieben Ihr Haustier genauso wie Sie!\n\t\t\t<\/h2>\n\t<p>Rem ridi culus pharetra eligendi labore nulla explicabo sem! Modi ipsa, dolores cupiditate elementum molestias dis animi, consequ untur pulvinar, fringilla ducimus facilisis habitant, irure erure? Fringilla metus nulla expli cabo sem!<\/p>\n\t\t\t<a href=\"#\" target=\"_self\" role=\"button\" aria-label=\"Weitere Infos\" rel=\"noopener\">\n\t\t\t\t\t\t\tWeitere Infos\n\t\t<\/a>\n\t<h2>\n\t\t\t\t Lokalisieren Sie Ihr Haustier jederzeit, \u00fcberall! \n\t\t\t<\/h2>\n\t\t\t<p>Rem ridi culus pharetra eligendi labore nulla explicabo sem! Modi ipsa, dolores cupiditate elementum molestias.<\/p>\t\n\t\t\t<a href=\"#\" target=\"_self\" role=\"button\" aria-label=\"GooglePlay\" rel=\"noopener\">\n\t\t\t\t\t\t\t\t\t\t\tGooglePlay\n\t\t<\/a>\n\t\t\t<a href=\"#\" target=\"_self\" role=\"button\" aria-label=\"GooglePlay\" rel=\"noopener\">\n\t\t\t\t\t\t\t\t\t\t\tGooglePlay\n\t\t<\/a>\n\t\t\t\t<img decoding=\"async\" src=\"https:\/\/websitedemos.net\/pet-sitting-01-wip\/wp-content\/uploads\/sites\/474\/2019\/07\/app-design-free-img-1.png\" alt=\"app-design-free-img\" title=\"app-design-free-img\" itemprop=\"image\"\/>\n\t<h2>\n\t\t\t\tBewerten <br \/>Sie uns\n\t\t\t<\/h2>\n\t\t\t<a href=\"#\" target=\"_self\" role=\"button\" aria-label=\" \" rel=\"noopener\">\n\t\t<\/a>\n\t\t\t<a href=\"#\" target=\"_self\" role=\"button\" aria-label=\" \" rel=\"noopener\">\n\t\t<\/a>\n\t\t\t<a href=\"#\" target=\"_self\" role=\"button\" aria-label=\" \" rel=\"noopener\">\n\t\t<\/a>\n\t\t\t<a href=\"#\" target=\"_self\" role=\"button\" aria-label=\" \" rel=\"noopener\">\n\t\t<\/a>\n\t<h2>\n\t\t\t\t W\u00e4hlen Sie, wie Sie m\u00f6chten, dass wir uns um Ihr Haustier k\u00fcmmern! \n\t\t\t<\/h2>\n\t\t\t<p>Rem ridi culus pharetra eligendi labore nulla explicabo sem! Modi ipsa, dolores cupiditate elementum molestias dis animi.<\/p>\t\n\t\t\t\t<img decoding=\"async\" src=\"https:\/\/websitedemos.net\/pet-sitting-01\/wp-content\/uploads\/sites\/474\/2021\/03\/girl-with-dog-1.png\" alt=\"girl-with-dog-1\" title=\"girl-with-dog-1\" itemprop=\"image\"\/>\n\t\t\t\t<img decoding=\"async\" src=\"https:\/\/websitedemos.net\/pet-sitting-01-wip\/wp-content\/uploads\/sites\/474\/2019\/07\/sitting-free-img.png\" alt=\"sitting-free-img\" title=\"sitting-free-img\" itemprop=\"image\"\/>\n\t<h3>\n\t\t\t\tPet Sitting\n\t\t\t<\/h3>\n\t\t\t<p>Rem ridi culus phare tra eli gendi labore nulla expli cabo sem! Modi ipsa, dolores cupidi.<\/p>\t\n\t\t\t<a href=\"#\" target=\"_self\" role=\"button\" aria-label=\"View More\" rel=\"noopener\">\n\t\t\t\t\t\t\tView More\n\t\t<\/a>\n\t\t\t\t<img decoding=\"async\" src=\"https:\/\/websitedemos.net\/pet-sitting-01-wip\/wp-content\/uploads\/sites\/474\/2019\/07\/minding-free-img.png\" alt=\"minding-free-img\" title=\"minding-free-img\" itemprop=\"image\"\/>\n\t<h3>\n\t\t\t\tPet Minding\n\t\t\t<\/h3>\n\t\t\t<p>Rem ridi culus phare tra eli gendi labore nulla expli cabo sem! Modi ipsa, dolores cupidi.<\/p>\t\n\t\t\t<a href=\"#\" target=\"_self\" role=\"button\" aria-label=\"View More\" rel=\"noopener\">\n\t\t\t\t\t\t\tView More\n\t\t<\/a>\n\t\t\t\t<img decoding=\"async\" src=\"https:\/\/websitedemos.net\/pet-sitting-01-wip\/wp-content\/uploads\/sites\/474\/2019\/07\/training-free-img.png\" alt=\"training-free-img\" title=\"training-free-img\" itemprop=\"image\"\/>\n\t<h3>\n\t\t\t\tPet Training\n\t\t\t<\/h3>\n\t\t\t<p>Rem ridi culus phare tra eli gendi labore nulla expli cabo sem! Modi ipsa, dolores cupidi.<\/p>\t\n\t\t\t<a href=\"#\" target=\"_self\" role=\"button\" aria-label=\"View More\" rel=\"noopener\">\n\t\t\t\t\t\t\tView More\n\t\t<\/a>\n\t\t\t\t<img decoding=\"async\" src=\"https:\/\/websitedemos.net\/pet-sitting-01-wip\/wp-content\/uploads\/sites\/474\/2019\/07\/grooming-free-img.png\" alt=\"grooming-free-img\" title=\"grooming-free-img\" itemprop=\"image\"\/>\n\t<h3>\n\t\t\t\tGrooming\n\t\t\t<\/h3>\n\t\t\t<p>Rem ridi culus phare tra eli gendi labore nulla expli cabo sem! Modi ipsa, dolores cupidi.<\/p>\t\n\t\t\t<a href=\"#\" target=\"_self\" role=\"button\" aria-label=\"View More\" rel=\"noopener\">\n\t\t\t\t\t\t\tView More\n\t\t<\/a>\n\t<h4>\n\t\t\t\tTestimonials\n\t\t\t<\/h4>\n\t<h2>\n\t\t\t\tHappy Faces\n\t\t\t<\/h2>\n\t\t\t<p>Rem ridi culus pharetra eligendi labore nulla explicabo sem! Modi ipsa, dolores cupiditate elementum molestias dis animi.<\/p>\t\n\t\t\t\t<img decoding=\"async\" src=\"https:\/\/websitedemos.net\/pet-sitting-01-wip\/wp-content\/uploads\/sites\/474\/2019\/07\/client1-free-img.png\" alt=\"client1-free-img\" title=\"client1-free-img\" itemprop=\"image\"\/>\n\t<h3>\n\t\t\t\tRem ridi culus pharetra labore nulla expli cabo sem! Modi ipsa, dolores cupiditate elemen tum.\u200b\n\t\t\t<\/h3>\n\t\t\t<p>Jane Foster, NY\u200b<\/p>\t\n\t\t\t\t<img decoding=\"async\" src=\"https:\/\/websitedemos.net\/pet-sitting-01-wip\/wp-content\/uploads\/sites\/474\/2019\/07\/client2-free-img.png\" alt=\"client2-free-img\" title=\"client2-free-img\" itemprop=\"image\"\/>\n\t<h3>\n\t\t\t\tRem ridi culus pharetra eligendi labore nulla expli cabo sem! Modi ipsa, dolores cupiditate.\u200b\n\t\t\t<\/h3>\n\t\t\t<p>Mike Ross, WD<\/p>\n\t\t\t\t<img decoding=\"async\" src=\"https:\/\/websitedemos.net\/pet-sitting-01-wip\/wp-content\/uploads\/sites\/474\/2019\/07\/client3-free-img.png\" alt=\"client3-free-img\" title=\"client3-free-img\" itemprop=\"image\"\/>\n\t<h3>\n\t\t\t\tRem pharetra labore eligendi  nulla expli cabo sem! Modi ipsa, dolores elemen tum eligendi.\n\t\t\t<\/h3>\n\t\t\t<p>Veronica Cullen, MH<\/p>\t\n\t<h2>\n\t\t\t\tWish to Take a Trial?\u200b\n\t\t\t<\/h2>\n\t\t\t<p>Consequ untur pulvinar, fringilla ducimus facilisis habitant, irure erure? Fringilla metus nulla expli cabo sem!\u200b<\/p>\t\n\t\t\t<a href=\"#\" target=\"_self\" role=\"button\" aria-label=\"Schedule a Meet\" rel=\"noopener\">\n\t\t\t\t\t\t\tSchedule a Meet\n\t\t<\/a>\n\n","protected":false},"excerpt":{"rendered":"<p>Pet Care Services, in New York City Wir bieten die Betreuung, die Ihr Haustier verdient! Jetzt anrufen: 123 456 7890 Lorem ipsum dolor sit amet, consectetur adipiscing elit. Ut elit tellus, luctus nec ullamcorper mattis, pulvinar dapibus leo. Wer wir sind Wir lieben Ihr Haustier genauso wie Sie! Rem ridi culus pharetra eligendi labore nulla [&hellip;]<\/p>\n","protected":false},"author":1,"featured_media":0,"parent":0,"menu_order":0,"comment_status":"closed","ping_status":"closed","template":"","meta":{"inline_featured_image":false,"site-sidebar-layout":"default","site-content-layout":"page-builder","ast-site-content-layout":"","site-content-style":"default","site-sidebar-style":"default","ast-global-header-display":"","ast-banner-title-visibility":"","ast-main-header-display":"","ast-hfb-above-header-display":"","ast-hfb-below-header-display":"","ast-hfb-mobile-header-display":"","site-post-title":"disabled","ast-breadcrumbs-content":"","ast-featured-img":"disabled","footer-sml-layout":"","theme-transparent-header-meta":"enabled","adv-header-id-meta":"","stick-header-meta":"","header-above-stick-meta":"","header-main-stick-meta":"","header-below-stick-meta":"","astra-migrate-meta-layouts":"default","ast-page-background-enabled":"default","ast-page-background-meta":{"desktop":{"background-color":"","background-image":"","background-repeat":"repeat","background-position":"center center","background-size":"auto","background-attachment":"scroll","background-type":"","background-media":"","overlay-type":"","overlay-color":"","overlay-opacity":"","overlay-gradient":""},"tablet":{"background-color":"","background-image":"","background-repeat":"repeat","background-position":"center center","background-size":"auto","background-attachment":"scroll","background-type":"","background-media":"","overlay-type":"","overlay-color":"","overlay-opacity":"","overlay-gradient":""},"mobile":{"background-color":"","background-image":"","background-repeat":"repeat","background-position":"center center","background-size":"auto","background-attachment":"scroll","background-type":"","background-media":"","overlay-type":"","overlay-color":"","overlay-opacity":"","overlay-gradient":""}},"ast-content-background-meta":{"desktop":{"background-color":"var(--ast-global-color-5)","background-image":"","background-repeat":"repeat","background-position":"center center","background-size":"auto","background-attachment":"scroll","background-type":"","background-media":"","overlay-type":"","overlay-color":"","overlay-opacity":"","overlay-gradient":""},"tablet":{"background-color":"var(--ast-global-color-5)","background-image":"","background-repeat":"repeat","background-position":"center center","background-size":"auto","background-attachment":"scroll","background-type":"","background-media":"","overlay-type":"","overlay-color":"","overlay-opacity":"","overlay-gradient":""},"mobile":{"background-color":"var(--ast-global-color-5)","background-image":"","background-repeat":"repeat","background-position":"center center","background-size":"auto","background-attachment":"scroll","background-type":"","background-media":"","overlay-type":"","overlay-color":"","overlay-opacity":"","overlay-gradient":""}},"footnotes":""},"class_list":["post-15","page","type-page","status-publish","hentry"],"_links":{"self":[{"href":"https:\/\/feym.media\/templates\/14\/wp-json\/wp\/v2\/pages\/15","targetHints":{"allow":["GET"]}}],"collection":[{"href":"https:\/\/feym.media\/templates\/14\/wp-json\/wp\/v2\/pages"}],"about":[{"href":"https:\/\/feym.media\/templates\/14\/wp-json\/wp\/v2\/types\/page"}],"author":[{"embeddable":true,"href":"https:\/\/feym.media\/templates\/14\/wp-json\/wp\/v2\/users\/1"}],"replies":[{"embeddable":true,"href":"https:\/\/feym.media\/templates\/14\/wp-json\/wp\/v2\/comments?post=15"}],"version-history":[{"count":1,"href":"https:\/\/feym.media\/templates\/14\/wp-json\/wp\/v2\/pages\/15\/revisions"}],"predecessor-version":[{"id":516,"href":"https:\/\/feym.media\/templates\/14\/wp-json\/wp\/v2\/pages\/15\/revisions\/516"}],"wp:attachment":[{"href":"https:\/\/feym.media\/templates\/14\/wp-json\/wp\/v2\/media?parent=15"}],"curies":[{"name":"wp","href":"https:\/\/api.w.org\/{rel}","templated":true}]}}